{"id":133,"date":"2025-03-10T22:12:48","date_gmt":"2025-03-10T21:12:48","guid":{"rendered":"https:\/\/sparklingconseils.com\/?page_id=133"},"modified":"2025-06-01T10:16:05","modified_gmt":"2025-06-01T08:16:05","slug":"home-page","status":"publish","type":"page","link":"https:\/\/sparklingconseils.com\/","title":{"rendered":"ACCUEIL"},"content":{"rendered":"\n<h2 class=\"wp-block-heading has-text-align-center\" id=\"0-linvestissement-immobilier-accessible-pour-tous\">L&rsquo;investissement immobilier accessible pour tous<\/h2>\n\n\n\n<div class=\"wp-block-columns is-layout-flex wp-container-core-columns-is-layout-9d6595d7 wp-block-columns-is-layout-flex\">\n<div class=\"wp-block-column is-vertically-aligned-center is-layout-flow wp-block-column-is-layout-flow\" style=\"flex-basis:50%\"><div class=\"wp-block-image aos-fade-down\">\n<figure class=\"alignright size-large is-resized\"><img loading=\"lazy\" decoding=\"async\" width=\"683\" height=\"1024\" src=\"http:\/\/sparklingconseils.com\/wp-content\/uploads\/2025\/04\/Pauline-25-683x1024.jpg\" alt=\"\" class=\"wp-image-1024\" style=\"width:348px;height:auto\" srcset=\"https:\/\/sparklingconseils.com\/wp-content\/uploads\/2025\/04\/Pauline-25-683x1024.jpg 683w, https:\/\/sparklingconseils.com\/wp-content\/uploads\/2025\/04\/Pauline-25-200x300.jpg 200w, https:\/\/sparklingconseils.com\/wp-content\/uploads\/2025\/04\/Pauline-25-768x1152.jpg 768w, https:\/\/sparklingconseils.com\/wp-content\/uploads\/2025\/04\/Pauline-25-1024x1536.jpg 1024w, https:\/\/sparklingconseils.com\/wp-content\/uploads\/2025\/04\/Pauline-25-1365x2048.jpg 1365w, https:\/\/sparklingconseils.com\/wp-content\/uploads\/2025\/04\/Pauline-25-scaled.jpg 1707w\" sizes=\"auto, (max-width: 683px) 100vw, 683px\" \/><\/figure>\n<\/div><\/div>\n\n\n\n<div class=\"wp-block-column is-layout-flow wp-block-column-is-layout-flow\" style=\"flex-basis:50%\"><div class=\"wp-block-image aos-fade-up\">\n<figure class=\"alignleft size-large is-resized\"><img loading=\"lazy\" decoding=\"async\" width=\"1024\" height=\"819\" src=\"http:\/\/sparklingconseils.com\/wp-content\/uploads\/2025\/01\/low-angle-shot-beautiful-historical-architectural-structure-paris-france-1-1024x819.jpg\" alt=\"\" class=\"wp-image-42\" style=\"width:643px;height:auto\" srcset=\"https:\/\/sparklingconseils.com\/wp-content\/uploads\/2025\/01\/low-angle-shot-beautiful-historical-architectural-structure-paris-france-1-1024x819.jpg 1024w, https:\/\/sparklingconseils.com\/wp-content\/uploads\/2025\/01\/low-angle-shot-beautiful-historical-architectural-structure-paris-france-1-300x240.jpg 300w, https:\/\/sparklingconseils.com\/wp-content\/uploads\/2025\/01\/low-angle-shot-beautiful-historical-architectural-structure-paris-france-1-768x614.jpg 768w, https:\/\/sparklingconseils.com\/wp-content\/uploads\/2025\/01\/low-angle-shot-beautiful-historical-architectural-structure-paris-france-1-1536x1229.jpg 1536w, https:\/\/sparklingconseils.com\/wp-content\/uploads\/2025\/01\/low-angle-shot-beautiful-historical-architectural-structure-paris-france-1-2048x1638.jpg 2048w\" sizes=\"auto, (max-width: 1024px) 100vw, 1024px\" \/><\/figure>\n<\/div><\/div>\n<\/div>\n\n\n\n<figure class=\"wp-block-pullquote aos-fade-down has-small-font-size\" style=\"margin-right:0;margin-left:0;padding-top:0px;padding-bottom:0px\"><blockquote><p>Tu r\u00eaves d\u2019investir mais tu ne sais pas par o\u00f9 commencer ?<br>&nbsp;Tu as peur de faire des erreurs et de perdre de l\u2019argent ?<br>&nbsp;Tu veux \u00eatre accompagn\u00e9(e) par quelqu\u2019un qui est pass\u00e9 par l\u00e0 et qui te guide \u00e9tape par \u00e9tape ?<br>Je t\u2019aide \u00e0 prendre en main ton avenir financier d\u00e8s aujourd\u2019hui.<\/p><\/blockquote><\/figure>\n\n\n\n<div class=\"wp-block-group alignfull is-content-justification-center is-layout-flex wp-container-core-group-is-layout-64b26803 wp-block-group-is-layout-flex\">\n<figure class=\"wp-block-image size-full is-resized aos-fade-right\"><img loading=\"lazy\" decoding=\"async\" width=\"300\" height=\"307\" src=\"https:\/\/sparklingconseils.com\/wp-content\/uploads\/2025\/04\/Sans-titre.png\" alt=\"\" class=\"wp-image-999\" style=\"object-fit:cover;width:1px;height:1px\" srcset=\"https:\/\/sparklingconseils.com\/wp-content\/uploads\/2025\/04\/Sans-titre.png 300w, https:\/\/sparklingconseils.com\/wp-content\/uploads\/2025\/04\/Sans-titre-293x300.png 293w\" sizes=\"auto, (max-width: 300px) 100vw, 300px\" \/><\/figure>\n\n\n\n<figure class=\"wp-block-image size-large is-resized aos-fade-right\"><a href=\"https:\/\/sparklingconseils.com\/?page_id=32\"><img loading=\"lazy\" decoding=\"async\" width=\"1024\" height=\"1024\" src=\"http:\/\/sparklingconseils.com\/wp-content\/uploads\/2025\/04\/1-1024x1024.png\" alt=\"\" class=\"wp-image-956\" style=\"object-fit:cover;width:300px;height:300px\" srcset=\"https:\/\/sparklingconseils.com\/wp-content\/uploads\/2025\/04\/1-1024x1024.png 1024w, https:\/\/sparklingconseils.com\/wp-content\/uploads\/2025\/04\/1-300x300.png 300w, https:\/\/sparklingconseils.com\/wp-content\/uploads\/2025\/04\/1-150x150.png 150w, https:\/\/sparklingconseils.com\/wp-content\/uploads\/2025\/04\/1-768x768.png 768w, https:\/\/sparklingconseils.com\/wp-content\/uploads\/2025\/04\/1.png 1080w\" sizes=\"auto, (max-width: 1024px) 100vw, 1024px\" \/><\/a><\/figure>\n\n\n\n<figure class=\"wp-block-image size-full is-resized aos-fade-left\"><a href=\"https:\/\/calendly.com\/contact-sparklingconseils\/30min\" target=\"_blank\" rel=\" noreferrer noopener\"><img loading=\"lazy\" decoding=\"async\" width=\"1080\" height=\"1080\" src=\"https:\/\/sparklingconseils.com\/wp-content\/uploads\/2025\/04\/2.png\" alt=\"\" class=\"wp-image-957\" style=\"object-fit:cover;width:300px;height:300px\" srcset=\"https:\/\/sparklingconseils.com\/wp-content\/uploads\/2025\/04\/2.png 1080w, https:\/\/sparklingconseils.com\/wp-content\/uploads\/2025\/04\/2-300x300.png 300w, https:\/\/sparklingconseils.com\/wp-content\/uploads\/2025\/04\/2-1024x1024.png 1024w, https:\/\/sparklingconseils.com\/wp-content\/uploads\/2025\/04\/2-150x150.png 150w, https:\/\/sparklingconseils.com\/wp-content\/uploads\/2025\/04\/2-768x768.png 768w\" sizes=\"auto, (max-width: 1080px) 100vw, 1080px\" \/><\/a><\/figure>\n\n\n\n<figure class=\"wp-block-image size-full is-resized\"><img loading=\"lazy\" decoding=\"async\" width=\"300\" height=\"307\" src=\"http:\/\/sparklingconseils.com\/wp-content\/uploads\/2025\/04\/Sans-titre.png\" alt=\"\" class=\"wp-image-999\" style=\"object-fit:cover;width:1px;height:1px\" srcset=\"https:\/\/sparklingconseils.com\/wp-content\/uploads\/2025\/04\/Sans-titre.png 300w, https:\/\/sparklingconseils.com\/wp-content\/uploads\/2025\/04\/Sans-titre-293x300.png 293w\" sizes=\"auto, (max-width: 300px) 100vw, 300px\" \/><\/figure>\n<\/div>\n\n\n\n<div class=\"wp-block-media-text alignfull has-media-on-the-right is-stacked-on-mobile is-vertically-aligned-center is-style-default has-background\" style=\"background-color:#cfcabe;grid-template-columns:auto 21%\"><div class=\"wp-block-media-text__content\">\n<h3 class=\"wp-block-heading has-text-color\" style=\"color:#2136ab\">Devenir autonome<br>et se construire un patrimoine sereinement<\/h3>\n<\/div><figure class=\"wp-block-media-text__media\"><img loading=\"lazy\" decoding=\"async\" width=\"1024\" height=\"683\" src=\"http:\/\/sparklingconseils.com\/wp-content\/uploads\/2025\/01\/design-house-modern-villa-with-open-plan-living-private-bedroom-wing-large-terrace-with-privacy-1024x683.jpg\" alt=\"\" class=\"wp-image-34 size-full\" srcset=\"https:\/\/sparklingconseils.com\/wp-content\/uploads\/2025\/01\/design-house-modern-villa-with-open-plan-living-private-bedroom-wing-large-terrace-with-privacy-1024x683.jpg 1024w, https:\/\/sparklingconseils.com\/wp-content\/uploads\/2025\/01\/design-house-modern-villa-with-open-plan-living-private-bedroom-wing-large-terrace-with-privacy-300x200.jpg 300w, https:\/\/sparklingconseils.com\/wp-content\/uploads\/2025\/01\/design-house-modern-villa-with-open-plan-living-private-bedroom-wing-large-terrace-with-privacy-768x512.jpg 768w, https:\/\/sparklingconseils.com\/wp-content\/uploads\/2025\/01\/design-house-modern-villa-with-open-plan-living-private-bedroom-wing-large-terrace-with-privacy-1536x1024.jpg 1536w, https:\/\/sparklingconseils.com\/wp-content\/uploads\/2025\/01\/design-house-modern-villa-with-open-plan-living-private-bedroom-wing-large-terrace-with-privacy-2048x1365.jpg 2048w\" sizes=\"auto, (max-width: 1024px) 100vw, 1024px\" \/><\/figure><\/div>\n","protected":false},"excerpt":{"rendered":"<p>L&rsquo;investissement immobilier accessible pour tous Tu r\u00eaves d\u2019investir mais tu ne sais pas par o\u00f9 commencer ?&nbsp;Tu as peur de faire des erreurs et de perdre de l\u2019argent ?&nbsp;Tu veux \u00eatre accompagn\u00e9(e) par quelqu\u2019un qui est pass\u00e9 par l\u00e0 et qui te guide \u00e9tape par \u00e9tape ?Je t\u2019aide \u00e0 prendre en main ton avenir financier&#8230;<\/p>\n","protected":false},"author":1,"featured_media":0,"parent":0,"menu_order":0,"comment_status":"closed","ping_status":"closed","template":"","meta":{"_kad_post_transparent":"","_kad_post_title":"","_kad_post_layout":"","_kad_post_sidebar_id":"","_kad_post_content_style":"","_kad_post_vertical_padding":"","_kad_post_feature":"","_kad_post_feature_position":"","_kad_post_header":false,"_kad_post_footer":false,"footnotes":""},"class_list":["post-133","page","type-page","status-publish","hentry"],"featured_image_src":null,"yoast_head":"<!-- This site is optimized with the Yoast SEO plugin v27.3 - https:\/\/yoast.com\/product\/yoast-seo-wordpress\/ -->\n<title>ACCUEIL - sparklingconseils<\/title>\n<meta name=\"description\" content=\"ACCUEIL sparklingconseils -\" \/>\n<meta name=\"robots\" content=\"index, follow, max-snippet:-1, max-image-preview:large, max-video-preview:-1\" \/>\n<link rel=\"canonical\" href=\"https:\/\/sparklingconseils.com\/\" \/>\n<meta property=\"og:locale\" content=\"fr_FR\" \/>\n<meta property=\"og:type\" content=\"article\" \/>\n<meta property=\"og:title\" content=\"ACCUEIL - sparklingconseils\" \/>\n<meta property=\"og:description\" content=\"ACCUEIL sparklingconseils -\" \/>\n<meta property=\"og:url\" content=\"https:\/\/sparklingconseils.com\/\" \/>\n<meta property=\"og:site_name\" content=\"sparklingconseils\" \/>\n<meta property=\"article:publisher\" content=\"https:\/\/www.facebook.com\/p\/Sparkling-Conseils-61571763194408\/\" \/>\n<meta property=\"article:modified_time\" content=\"2025-06-01T08:16:05+00:00\" \/>\n<meta property=\"og:image\" content=\"https:\/\/sparklingconseils.com\/wp-content\/uploads\/2025\/04\/Pauline-25-scaled.jpg\" \/>\n\t<meta property=\"og:image:width\" content=\"1707\" \/>\n\t<meta property=\"og:image:height\" content=\"2560\" \/>\n\t<meta property=\"og:image:type\" content=\"image\/jpeg\" \/>\n<meta name=\"twitter:card\" content=\"summary_large_image\" \/>\n<meta name=\"twitter:label1\" content=\"Dur\u00e9e de lecture estim\u00e9e\" \/>\n\t<meta name=\"twitter:data1\" content=\"3 minutes\" \/>\n<script type=\"application\/ld+json\" class=\"yoast-schema-graph\">{\"@context\":\"https:\\\/\\\/schema.org\",\"@graph\":[{\"@type\":\"WebPage\",\"@id\":\"https:\\\/\\\/sparklingconseils.com\\\/\",\"url\":\"https:\\\/\\\/sparklingconseils.com\\\/\",\"name\":\"ACCUEIL - sparklingconseils\",\"isPartOf\":{\"@id\":\"https:\\\/\\\/sparklingconseils.com\\\/#website\"},\"primaryImageOfPage\":{\"@id\":\"https:\\\/\\\/sparklingconseils.com\\\/#primaryimage\"},\"image\":{\"@id\":\"https:\\\/\\\/sparklingconseils.com\\\/#primaryimage\"},\"thumbnailUrl\":\"http:\\\/\\\/sparklingconseils.com\\\/wp-content\\\/uploads\\\/2025\\\/04\\\/Pauline-25-683x1024.jpg\",\"datePublished\":\"2025-03-10T21:12:48+00:00\",\"dateModified\":\"2025-06-01T08:16:05+00:00\",\"description\":\"ACCUEIL sparklingconseils -\",\"breadcrumb\":{\"@id\":\"https:\\\/\\\/sparklingconseils.com\\\/#breadcrumb\"},\"inLanguage\":\"fr-FR\",\"potentialAction\":[{\"@type\":\"ReadAction\",\"target\":[\"https:\\\/\\\/sparklingconseils.com\\\/\"]}]},{\"@type\":\"ImageObject\",\"inLanguage\":\"fr-FR\",\"@id\":\"https:\\\/\\\/sparklingconseils.com\\\/#primaryimage\",\"url\":\"https:\\\/\\\/sparklingconseils.com\\\/wp-content\\\/uploads\\\/2025\\\/04\\\/Pauline-25-scaled.jpg\",\"contentUrl\":\"https:\\\/\\\/sparklingconseils.com\\\/wp-content\\\/uploads\\\/2025\\\/04\\\/Pauline-25-scaled.jpg\",\"width\":1707,\"height\":2560},{\"@type\":\"BreadcrumbList\",\"@id\":\"https:\\\/\\\/sparklingconseils.com\\\/#breadcrumb\",\"itemListElement\":[{\"@type\":\"ListItem\",\"position\":1,\"name\":\"Accueil\",\"item\":\"https:\\\/\\\/sparklingconseils.com\\\/\"},{\"@type\":\"ListItem\",\"position\":2,\"name\":\"ACCUEIL\"}]},{\"@type\":\"WebSite\",\"@id\":\"https:\\\/\\\/sparklingconseils.com\\\/#website\",\"url\":\"https:\\\/\\\/sparklingconseils.com\\\/\",\"name\":\"sparklingconseils\",\"description\":\"Formation et accompagnement pour investir dans l&#039;immobilier\",\"publisher\":{\"@id\":\"https:\\\/\\\/sparklingconseils.com\\\/#organization\"},\"potentialAction\":[{\"@type\":\"SearchAction\",\"target\":{\"@type\":\"EntryPoint\",\"urlTemplate\":\"https:\\\/\\\/sparklingconseils.com\\\/?s={search_term_string}\"},\"query-input\":{\"@type\":\"PropertyValueSpecification\",\"valueRequired\":true,\"valueName\":\"search_term_string\"}}],\"inLanguage\":\"fr-FR\"},{\"@type\":\"Organization\",\"@id\":\"https:\\\/\\\/sparklingconseils.com\\\/#organization\",\"name\":\"sparklingconseils\",\"url\":\"https:\\\/\\\/sparklingconseils.com\\\/\",\"logo\":{\"@type\":\"ImageObject\",\"inLanguage\":\"fr-FR\",\"@id\":\"https:\\\/\\\/sparklingconseils.com\\\/#\\\/schema\\\/logo\\\/image\\\/\",\"url\":\"https:\\\/\\\/sparklingconseils.com\\\/wp-content\\\/uploads\\\/2025\\\/03\\\/cropped-Logo-rouge-Sparkling-CONSEILS.png\",\"contentUrl\":\"https:\\\/\\\/sparklingconseils.com\\\/wp-content\\\/uploads\\\/2025\\\/03\\\/cropped-Logo-rouge-Sparkling-CONSEILS.png\",\"width\":500,\"height\":248,\"caption\":\"sparklingconseils\"},\"image\":{\"@id\":\"https:\\\/\\\/sparklingconseils.com\\\/#\\\/schema\\\/logo\\\/image\\\/\"},\"sameAs\":[\"https:\\\/\\\/www.facebook.com\\\/p\\\/Sparkling-Conseils-61571763194408\\\/\",\"https:\\\/\\\/www.instagram.com\\\/sparkling.conseils\\\/\",\"https:\\\/\\\/www.tiktok.com\\\/@sparklingconseils\"]}]}<\/script>\n<!-- \/ Yoast SEO plugin. -->","yoast_head_json":{"title":"ACCUEIL - sparklingconseils","description":"ACCUEIL sparklingconseils -","robots":{"index":"index","follow":"follow","max-snippet":"max-snippet:-1","max-image-preview":"max-image-preview:large","max-video-preview":"max-video-preview:-1"},"canonical":"https:\/\/sparklingconseils.com\/","og_locale":"fr_FR","og_type":"article","og_title":"ACCUEIL - sparklingconseils","og_description":"ACCUEIL sparklingconseils -","og_url":"https:\/\/sparklingconseils.com\/","og_site_name":"sparklingconseils","article_publisher":"https:\/\/www.facebook.com\/p\/Sparkling-Conseils-61571763194408\/","article_modified_time":"2025-06-01T08:16:05+00:00","og_image":[{"width":1707,"height":2560,"url":"https:\/\/sparklingconseils.com\/wp-content\/uploads\/2025\/04\/Pauline-25-scaled.jpg","type":"image\/jpeg"}],"twitter_card":"summary_large_image","twitter_misc":{"Dur\u00e9e de lecture estim\u00e9e":"3 minutes"},"schema":{"@context":"https:\/\/schema.org","@graph":[{"@type":"WebPage","@id":"https:\/\/sparklingconseils.com\/","url":"https:\/\/sparklingconseils.com\/","name":"ACCUEIL - sparklingconseils","isPartOf":{"@id":"https:\/\/sparklingconseils.com\/#website"},"primaryImageOfPage":{"@id":"https:\/\/sparklingconseils.com\/#primaryimage"},"image":{"@id":"https:\/\/sparklingconseils.com\/#primaryimage"},"thumbnailUrl":"http:\/\/sparklingconseils.com\/wp-content\/uploads\/2025\/04\/Pauline-25-683x1024.jpg","datePublished":"2025-03-10T21:12:48+00:00","dateModified":"2025-06-01T08:16:05+00:00","description":"ACCUEIL sparklingconseils -","breadcrumb":{"@id":"https:\/\/sparklingconseils.com\/#breadcrumb"},"inLanguage":"fr-FR","potentialAction":[{"@type":"ReadAction","target":["https:\/\/sparklingconseils.com\/"]}]},{"@type":"ImageObject","inLanguage":"fr-FR","@id":"https:\/\/sparklingconseils.com\/#primaryimage","url":"https:\/\/sparklingconseils.com\/wp-content\/uploads\/2025\/04\/Pauline-25-scaled.jpg","contentUrl":"https:\/\/sparklingconseils.com\/wp-content\/uploads\/2025\/04\/Pauline-25-scaled.jpg","width":1707,"height":2560},{"@type":"BreadcrumbList","@id":"https:\/\/sparklingconseils.com\/#breadcrumb","itemListElement":[{"@type":"ListItem","position":1,"name":"Accueil","item":"https:\/\/sparklingconseils.com\/"},{"@type":"ListItem","position":2,"name":"ACCUEIL"}]},{"@type":"WebSite","@id":"https:\/\/sparklingconseils.com\/#website","url":"https:\/\/sparklingconseils.com\/","name":"sparklingconseils","description":"Formation et accompagnement pour investir dans l&#039;immobilier","publisher":{"@id":"https:\/\/sparklingconseils.com\/#organization"},"potentialAction":[{"@type":"SearchAction","target":{"@type":"EntryPoint","urlTemplate":"https:\/\/sparklingconseils.com\/?s={search_term_string}"},"query-input":{"@type":"PropertyValueSpecification","valueRequired":true,"valueName":"search_term_string"}}],"inLanguage":"fr-FR"},{"@type":"Organization","@id":"https:\/\/sparklingconseils.com\/#organization","name":"sparklingconseils","url":"https:\/\/sparklingconseils.com\/","logo":{"@type":"ImageObject","inLanguage":"fr-FR","@id":"https:\/\/sparklingconseils.com\/#\/schema\/logo\/image\/","url":"https:\/\/sparklingconseils.com\/wp-content\/uploads\/2025\/03\/cropped-Logo-rouge-Sparkling-CONSEILS.png","contentUrl":"https:\/\/sparklingconseils.com\/wp-content\/uploads\/2025\/03\/cropped-Logo-rouge-Sparkling-CONSEILS.png","width":500,"height":248,"caption":"sparklingconseils"},"image":{"@id":"https:\/\/sparklingconseils.com\/#\/schema\/logo\/image\/"},"sameAs":["https:\/\/www.facebook.com\/p\/Sparkling-Conseils-61571763194408\/","https:\/\/www.instagram.com\/sparkling.conseils\/","https:\/\/www.tiktok.com\/@sparklingconseils"]}]}},"_links":{"self":[{"href":"https:\/\/sparklingconseils.com\/index.php?rest_route=\/wp\/v2\/pages\/133","targetHints":{"allow":["GET"]}}],"collection":[{"href":"https:\/\/sparklingconseils.com\/index.php?rest_route=\/wp\/v2\/pages"}],"about":[{"href":"https:\/\/sparklingconseils.com\/index.php?rest_route=\/wp\/v2\/types\/page"}],"author":[{"embeddable":true,"href":"https:\/\/sparklingconseils.com\/index.php?rest_route=\/wp\/v2\/users\/1"}],"replies":[{"embeddable":true,"href":"https:\/\/sparklingconseils.com\/index.php?rest_route=%2Fwp%2Fv2%2Fcomments&post=133"}],"version-history":[{"count":194,"href":"https:\/\/sparklingconseils.com\/index.php?rest_route=\/wp\/v2\/pages\/133\/revisions"}],"predecessor-version":[{"id":1060,"href":"https:\/\/sparklingconseils.com\/index.php?rest_route=\/wp\/v2\/pages\/133\/revisions\/1060"}],"wp:attachment":[{"href":"https:\/\/sparklingconseils.com\/index.php?rest_route=%2Fwp%2Fv2%2Fmedia&parent=133"}],"curies":[{"name":"wp","href":"https:\/\/api.w.org\/{rel}","templated":true}]}}